 digit of c(-5)?
0
Let r = 90 + -296. Let c = 302 + r. What is the units digit of c?
6
Suppose 10*s + s - 4400 = 0. What is the hundreds digit of s?
4
Suppose 0 = -3*r - 24*h + 22*h + 7017, -4*r - 2*h + 9358 = 0. What is the units digit of r?
1
Let f(b) = 6*b - 9. Let m be f(4). Let i = 223 + m. What is the hundreds digit of i?
2
Let v = -89 - -217. Let s = v - 53. Suppose 0 = -4*p + 57 + s. What is the units digit of p?
3
Let i(d) = -3 - 4 + 3*d + 6 + 33*d**3 - d. What is the units digit of i(1)?
4
Let h = -77 + 86. Suppose 11*r = h*r + 38. What is the units digit of r?
9
Let l = -789 - -1332. What is the units digit of l?
3
Let o = 10317 + -7352. What is the units digit of o?
5
Suppose 0*j - 20 = 5*j. Let i(c) = -c**2 - 4*c + 3. Let r be i(j). Suppose r*l - 80 = -2*l. What is the units digit of l?
6
Let s(a) = -a**3 + 12*a**2 + 13*a - 2. Let q be s(13). Let w(t) = -2*t - 5. Let m be w(q). What is the units digit of (-4)/12*(m + -14)?
5
Let t be 5*(-5 - -6) - 3/3. Suppose -9*z = -4*d - 6*z + 721, 5*d - t*z = 900. What is the hundreds digit of d?
1
Suppose 2*o - 637 - 231 = 0. Suppose -5*a + 0*p = -3*p - o, 4*a - 2*p = 348. What is the units digit of a?
8
Let x(w) = w**2 + 12*w + 13. Let p be x(-9). Let g = p + 6. Let b = g - -23. What is the tens digit of b?
1
Suppose 4*h - 8*h = 104. Let y = -23 - h. Suppose y*t - 95 = -b - 26, 4*b = -4*t + 84. What is the tens digit of t?
2
What is the units digit of (0 - -363)*61/61?
3
Suppose 0 = 8*p - 3696 - 5848. What is the hundreds digit of p?
1
Suppose 0 = -5*f + 4*k + 13, -k + 28 = 5*f. Suppose -1 = 2*c - f. Suppose c*v - v = 4*x + 27, -2*x + 157 = 5*v. What is the units digit of v?
1
Suppose -2*z - 12 = -5*z. Suppose 6*w = z*w + 130. What is the tens digit of w?
6
Let n(j) be the first derivative of 4*j**2 + 59*j + 11. What is the tens digit of n(10)?
3
Let f(v) = -2*v - 20. Let k be f(-8). What is the hundreds digit of ((-2)/k)/(4/(-8)) - -119?
1
Let g(b) = 3*b - 1. Let h(f) = -3*f - 2. Let a be h(-2). Suppose -a - 3 = -l. What is the units digit of g(l)?
0
Suppose -2*h - 2*k - 3*k - 21 = 0, -31 = -3*h + 5*k. Let i(x) = 6*x**3 - x**2 + 2*x - 3. What is the units digit of i(h)?
5
Let v = -7 + 23. Suppose 5*a - 39 = v. What is the tens digit of a?
1
Suppose -o - 46*p = -49*p - 1919, 4*o - 7761 = -5*p. What is the tens digit of o?
3
Suppose 0 = -4*s - q - 209, 4*q + 253 = -s - 4*s. Let z = s - -124. What is the units digit of z?
1
Let j(n) = 5*n**3 + n**2 - 2*n. Let w(v) = -2*v**3 + 0*v**2 + 4 - 5 + v**2 + 2*v + 2. Let s be w(-1). What is the tens digit of j(s)?
4
Suppose 0*h + 5*a + 5 = -2*h, 0 = 5*a - 5. Let o(q) be the second derivative of q**5/20 + q**4/4 - 13*q**3/6 - 5*q**2/2 + 45*q. What is the units digit of o(h)?
0
Let t(w) = 20*w**3 - 2*w**2 - 17*w + 18. What is the hundreds digit of t(4)?
1
Let h(p) = -p**3 + 24*p**2 - 1. Let a be h(24). What is the tens digit of 4255/25 + a/5?
7
Suppose 7 = 2*m - 3. Let p(a) = 8*a + 6. Let z be p(m). Suppose g + g = z. What is the units digit of g?
3
Let v be -2 + 6 + (-180)/(-12). Suppose k = 3*x - 21, -4*x + v = k - 9. What is the units digit of x?
7
Let o = 9 + -6. Suppose -2*q = -o*u + 8*u - 254, 0 = -2*q - 6. What is the units digit of u?
2
Suppose 0 = -60*v + 57*v - 969. Let d = -143 - v. What is the tens digit of d?
8
Let u(n) = 3*n + 5. Let y be u(6). Suppose -19 + 3 = 4*f, -2*v = 5*f - 64. Let z = v - y. What is the tens digit of z?
1
What is the units digit of (-9 - -10)*(0 - -322)?
2
Let l be 3 - (-2)/12*0. Suppose 2*k = -5*s + 180, l*k - 4*k = -3*s + 119. What is the tens digit of s?
3
Let d = -126 + 1037. What is the hundreds digit of d?
9
Suppose 5*g = 0, -4*g = -2*r - 2*r + 200. Let w = 100 - r. What is the tens digit of w?
5
Suppose 8*g - 4 = 7*g. Suppose -5*a + g*a = -5. What is the units digit of a?
5
Let p(z) = -z + 16. Let q be p(15). What is the tens digit of 74 - q*(5 + 0)?
6
What is the tens digit of (-5)/10 - 71175/(-26)?
3
Let y(v) = -v**2 - 7*v - 5. Let k be y(-8). Let f = k + 61. What is the units digit of f?
8
Let m be 7/28 - 171/12. Let f(o) = 2*o**2 + 11*o - 40. What is the tens digit of f(m)?
9
Let b(u) = 32. Let l(n) = n + 32. Let v(w) = -2*b(w) + 3*l(w). Let r be v(-10). Suppose r*z + 42 = 136. What is the tens digit of z?
4
Let c be (2 - 0 - 4) + 9. Let i be (c + -3 + 0)/1. What is the tens digit of (-2)/(-8) - (-43)/i?
1
Let h = -105 - -120. Suppose -5*u = -h*u + 2580. What is the units digit of u?
8
Let q be 2/(-9) + (-235)/(-45). Suppose -q*u + 983 = 373. What is the hundreds digit of u?
1
Let x be (-249)/(-2)*(-2)/(-3). Suppose -2*p = -p - x. What is the tens digit of p?
8
Let g be 161/42 + (-1)/(-6). Suppose 4*n + 9 = -11, -g*n - 245 = -5*u. What is the units digit of u?
5
Let k be -1*(-70 + 1 - 2). Let h = 10 + k. What is the units digit of h?
1
Let n(o) = -87*o + 5*o**2 + 87*o - 6. What is the tens digit of n(-5)?
1
Let c be 4/12*6 + (-1)/(-1). What is the tens digit of c/(60/136)*(3 - -2)?
3
Let f(h) = h**3 + 11*h**2 - 10*h + 3. What is the tens digit of f(7)?
1
Suppose d - 2673 = 4*l, 54*l - 52*l - 10656 = -4*d. What is the hundreds digit of d?
6
Let i(q) be the first derivative of q**4/2 - 3*q**3 + 3*q**2 - 15*q - 47. What is the units digit of i(7)?
2
Suppose -4*l = 5*o - 3713, 3*l = -9*o + 6*o + 2229. What is the units digit of o?
1
Suppose 4*r = w + 4*w + 5467, 2*r + 5*w = 2771. What is the hundreds digit of r?
3
Let v = -8 + 15. Suppose -5*m + v + 3 = 0. What is the units digit of m?
2
Let w(s) be the third derivative of 13/24*s**4 + 4/3*s**3 + 3*s**2 + 0 - 1/60*s**5 + 0*s. What is the tens digit of w(11)?
3
Suppose 0 = -8*h + 3*h. Suppose -5*n + c - 57 = 0, 0 = 3*n + c - h + 31. Let w(o) = -o**2 - 10*o + 14. What is the units digit of w(n)?
3
Let j(o) = o**2 - o - 16. Let t be j(5). Suppose -2*h = 4*b - 130, 5*h - 77 = t*h + b. What is the tens digit of h?
7
Let n(v) = 5*v**3 + 7*v**2 + 2*v - 7. Let g(q) = 4*q**3 + 7*q**2 + 2*q - 6. Let u(m) = -4*g(m) + 3*n(m). What is the tens digit of u(-7)?
1
Let y(p) be the first derivative of p**2 + p - 4. Let x(l) = 3*l**2 + l - 1. Let r be x(1). What is the units digit of y(r)?
7
Suppose 0*r = -4*t - r + 21, -5 = 5*t - 5*r. What is the units digit of -1 - t/(-8) - (-95)/2?
7
Let l = 35 + -30. Suppose -90 = -4*d + 4*i + 234, -l*d + i + 421 = 0. What is the units digit of d?
5
Suppose s + 4*s + 89 = -4*d, 3*s - 39 = 2*d. What is the units digit of d*(-35)/(-15)*-1?
9
Suppose 151 = 2*l - o, 0 = -l - o + 32 + 45. Let i = l + -22. What is the units digit of i?
4
Let h(t) = -112*t - 3. Let n be h(-3). Suppose -w + 201 = 3*q - 0*w, w = -5*q + n. Suppose -5*o + o - 2*c + 70 = 0, q = 4*o - 2*c. What is the tens digit of o?
1
Let t be (1 - 0)*(438 + 0 + 1). Suppose -3*j + 3*o + t = 73, 4*j + 2*o = 512. What is the hundreds digit of j?
1
Suppose 5*w - 2*h - 153 = -0*w, h - 125 = -4*w. Let f = w + 113. What is the hundreds digit of f?
1
Let j(i) = 19*i - 2. Let b be j(4). Let d = 191 - b. What is the hundreds digit of d?
1
Let g(r) = r**2 - 11*r + 36. Let u be (48/(-9))/((-4)/6). What is the units digit of g(u)?
2
Let r = -922 - -1974. What is the hundreds digit of r?
0
Suppose -3*d - m + 150 = 2*m, 234 = 5*d - 3*m. Let f = 20 + d. What is the units digit of f?
8
Let l(f) = 2*f**3 - 16*f**2 + 10*f - 15. What is the units digit of l(10)?
5
Let v(s) = s**3 + 8*s**2 + 8*s + 7. Let q be v(-5). What is the tens digit of q + 0 - (0 + -1)?
4
What is the units digit of ((-31440)/(-300))/((-2)/(-15))?
6
Let h(l) = 14*l**2 - 3*l - 1. What is the hundreds digit of h(3)?
1
Let n = -150 + 156. Suppose -10 = -2*l - 4. Let c = n - l. What is the units digit of c?
3
Let h be -76*4/32*-22. Let v = 296 - h. What is the tens digit of v?
8
Let v(c) = c**3 + c**2 - 2*c - 134. Let x be v(0). What is the units digit of (-4 - x) + 0/2?
0
Let o(v) = 7*v - 148. Let g be o(34). Let l be (-21)/(-3 - 0) - 1. Suppose -l*h + g = -0*h. What is the units digit of h?
5
Suppose 2*g = 2*s - 1304, -4*s + 0*s - 5*g = -2644. What is the units digit of s?
6
Let h(a) = 44 - 5*a**2 - 2544*a**3 - 1 - 13*a + 2545*a**3. What is the units digit of h(6)?
1
Suppose -14*w - 15999 = -65965. What is the units digit of w?
9
What is the units digit of (-3)/12*-8 + 233?
5
Let j(g) = 13*g - 1. Let c(n) = n**3 - n**2 + 2*n - 1. 